{"id":107,"date":"2019-02-24T14:05:42","date_gmt":"2019-02-24T14:05:42","guid":{"rendered":"http:\/\/tierphysio.andreadetjen.de\/?page_id=107"},"modified":"2019-04-10T18:53:12","modified_gmt":"2019-04-10T18:53:12","slug":"ueber-mich","status":"publish","type":"page","link":"https:\/\/tierphysio.andreadetjen.de\/?page_id=107","title":{"rendered":"\u00dcBER MICH"},"content":{"rendered":"\t\t<div data-elementor-type=\"wp-post\" data-elementor-id=\"107\" class=\"elementor elementor-107 elementor-bc-flex-widget\">\n\t\t\t\t\t\t<div class=\"elementor-inner\">\n\t\t\t\t<div class=\"elementor-section-wrap\">\n\t\t\t\t\t\t\t\t\t<section class=\"elementor-section elementor-top-section elementor-element elementor-element-086f510 elementor-section-boxed elementor-section-height-default elementor-section-height-default\" data-id=\"086f510\" data-element_type=\"section\">\n\t\t\t\t\t\t<div class=\"elementor-container elementor-column-gap-default\">\n\t\t\t\t\t\t\t<div class=\"elementor-row\">\n\t\t\t\t\t<div class=\"elementor-column elementor-col-100 elementor-top-column elementor-element elementor-element-58c436d\" data-id=\"58c436d\" data-element_type=\"column\">\n\t\t\t<div class=\"elementor-column-wrap elementor-element-populated\">\n\t\t\t\t\t\t\t<div class=\"elementor-widget-wrap\">\n\t\t\t\t\t\t<div class=\"elementor-element elementor-element-007676a elementor-widget elementor-widget-text-editor\" data-id=\"007676a\" data-element_type=\"widget\" data-widget_type=\"text-editor.default\">\n\t\t\t\t<div class=\"elementor-widget-container\">\n\t\t\t\t\t\t\t\t<div class=\"elementor-text-editor elementor-clearfix\">\n\t\t\t\t<p>Darf ich mich vorstellen?<\/p><p>Geboren <strong>1968<\/strong> in Hamburg, dort wuchs ich als sechstes Kind bei meinen Gro\u00dfeltern auf. Tierliebe war in unserer Familie gro\u00df geschrieben. Mein Bruder pflegte auf unseren Dachboden verletzte Tauben wieder gesund. Hunde und Katzen begleiten unsere Familie so lange ich denken kann.<\/p><p><strong>Mit 12<\/strong> Jahren durfte ich zum Reitunterricht gehen und von da an,war ich mehr im Stall zu finden, als Zuhause. <strong>Mit 16<\/strong> begann meine Ausbildung zur Garten -und Landschaftsg\u00e4rtnerin. Einige Jahre vergingen, ich heiratete, bekam 2 Kinder und meine Familie hatte nun den meisten Platz in meinen Leben. <strong>2001<\/strong> lernte ich meinen zweiten Mann kennen und die Kinder und ich zogen nach Ahlerstedt, auf einen Nebenerwerbshof mit Schwerpunkt Rindermast.<\/p><p>Durch meine neuen Aufgaben auf unseren Hof lernte ich sehr viel \u00fcber Futterherstellung, K\u00e4lberaufzucht und den Umgang mit unseren Hoftieren und Ihrer Gesundheit . <strong>2003<\/strong> erf\u00fcllte sich mein mein Jugendtraum, den ich gemeinsam mit meiner Tochter Carolin lebte. Wir bekamen unser erstes eigenes Pferd -unsere Starlight .Bald kam unser zweites Pferd zu uns , unser Frido . Durch die Pferde lernte ich viel \u00fcber Haltung ,Pflege und was alles zu Ihrer Gesunderhaltung zu tun ist.<\/p><p><strong>2012<\/strong> fasste ich den Entschluss eine Ausbildung zur Tierphysiotherapeutin zu machen ,mit den Schwerpunkt Pferd und Hund. W\u00e4hrend meiner Ausbildung durfte ich bei der Hundephysiotherapeutin Kerstin Oelkers aus Buchholz\u00a0 hospitieren, <strong>2014<\/strong> machte ich mich mit eigener Fahrpraxis selbstst\u00e4ndig. Immer wieder vertrat ich Kerstin Oelkers in Krankheitsf\u00e4llen in Ihrer Praxis und konnte so meine Erfahrungen im Hundebereich ausbauen. In diversen Weiterbildungen vertiefte ich mein Wissen. Die Aromatherapie und die \u00d6le zogen in meinen Praxis Alltag ein ,<\/p><p><strong>Vor 2 Jahren<\/strong>, begann es unserer Starlight, immer schlechter zu gehen .Sie war stolze 27 .Wir setzten uns mit Ihrem Sterben auseinander.<\/p><p>Ist es an der Zeit loszulassen?<\/p><p>Was m\u00f6chte Starlight?<\/p><p>Ist unser Tun und Handeln noch in Ihrem Sinne?<\/p><p>Ich buchte einen Kurs f\u00fcr Tierkommunikation,ohne gro\u00dfe Erwartungen zu haben. Dieser Kurs er\u00f6ffnete sich f\u00fcr mich eine neuer Horizont und ein neues Bewusstsein . Tierkommunikation half uns die letzten Wochen unseres Pferdes in Ihrem Sinne zu begleiten.<\/p><p>Vieles \u00e4nderte sich in meinen Praxis Alltag. Immer mehr verkn\u00fcpfte ich meine neu erlernten F\u00e4higkeiten mit der Physiotherapie und durch die Aromatherapie konnte ich noch mehr bewirken was die Aufl\u00f6sung von k\u00f6rperlichen und seelischen Blokaden betraf und die Erfolge die sich einstellten gaben mir Recht . <strong>2018<\/strong> beendete ich meine Ausbildung zur Tierheilerin im Anschluss begann ich f\u00fcr meine pers\u00f6nliche Entwicklung mein Wissen mit einer shamanischen Ausbildung zu vertiefen.<\/p><p>Was bringt die Zukunft ?<\/p><p>Meine Leidenschaft ist das ganzheitliche behandeln von unseren Tieren. Gerne m\u00f6chte ich mein Wissen weitergeben.<\/p><p>In diesen Jahr werden Seminare und diverse Vortr\u00e4ge auf unseren Hof statt finden.<\/p><p>Ich freue mich sehr auf diese neue Aufgabe .<\/p><p>Eure Andrea<\/p>\t\t\t\t\t<\/div>\n\t\t\t\t\t\t<\/div>\n\t\t\t\t<\/div>\n\t\t\t\t\t\t<\/div>\n\t\t\t\t\t<\/div>\n\t\t<\/div>\n\t\t\t\t\t\t\t\t<\/div>\n\t\t\t\t\t<\/div>\n\t\t<\/section>\n\t\t\t\t<section class=\"elementor-section elementor-top-section elementor-element elementor-element-def3a30 elementor-section-boxed elementor-section-height-default elementor-section-height-default\" data-id=\"def3a30\" data-element_type=\"section\">\n\t\t\t\t\t\t<div class=\"elementor-container elementor-column-gap-default\">\n\t\t\t\t\t\t\t<div class=\"elementor-row\">\n\t\t\t\t\t<div class=\"elementor-column elementor-col-100 elementor-top-column elementor-element elementor-element-7c65ad4\" data-id=\"7c65ad4\" data-element_type=\"column\">\n\t\t\t<div class=\"elementor-column-wrap elementor-element-populated\">\n\t\t\t\t\t\t\t<div class=\"elementor-widget-wrap\">\n\t\t\t\t\t\t<div class=\"elementor-element elementor-element-cc681ed elementor-widget elementor-widget-sidebar\" data-id=\"cc681ed\" data-element_type=\"widget\" data-widget_type=\"sidebar.default\">\n\t\t\t\t<div class=\"elementor-widget-container\">\n\t\t\t<aside id=\"pages-3\" class=\"widget widget_pages\"><h3 class=\"widget-title\">Seiten<\/h3>\n\t\t\t<ul>\n\t\t\t\t<li class=\"page_item page-item-107\"><a href=\"https:\/\/tierphysio.andreadetjen.de\/?page_id=107\">\u00dcBER MICH<\/a><\/li>\n<li class=\"page_item page-item-110\"><a href=\"https:\/\/tierphysio.andreadetjen.de\/?page_id=110\">IMPRESSUM<\/a><\/li>\n<li class=\"page_item page-item-113\"><a href=\"https:\/\/tierphysio.andreadetjen.de\/?page_id=113\">DATENSCHUTZERKL\u00c4RUNG<\/a><\/li>\n<li class=\"page_item page-item-116\"><a href=\"https:\/\/tierphysio.andreadetjen.de\/?page_id=116\">AGB<\/a><\/li>\n<li class=\"page_item page-item-125\"><a href=\"https:\/\/tierphysio.andreadetjen.de\/?page_id=125\">KONTAKT<\/a><\/li>\n<li class=\"page_item page-item-185\"><a href=\"https:\/\/tierphysio.andreadetjen.de\/?page_id=185\">BEWERTUNGEN<\/a><\/li>\n<li class=\"page_item page-item-227\"><a href=\"https:\/\/tierphysio.andreadetjen.de\/\">Start<\/a><\/li>\n\t\t\t<\/ul>\n\n\t\t\t<\/aside>\t\t<\/div>\n\t\t\t\t<\/div>\n\t\t\t\t\t\t<\/div>\n\t\t\t\t\t<\/div>\n\t\t<\/div>\n\t\t\t\t\t\t\t\t<\/div>\n\t\t\t\t\t<\/div>\n\t\t<\/section>\n\t\t\t\t\t\t\t\t\t<\/div>\n\t\t\t<\/div>\n\t\t\t\t\t<\/div>\n\t\t","protected":false},"excerpt":{"rendered":"<p>Darf ich mich vorstellen? Geboren 1968 in Hamburg, dort wuchs ich als sechstes Kind bei meinen Gro\u00dfeltern auf. Tierliebe war in unserer Familie gro\u00df geschrieben. Mein Bruder pflegte auf unseren Dachboden verletzte Tauben wieder gesund. Hunde und Katzen begleiten unsere Familie so lange ich denken kann. Mit 12 Jahren durfte ich zum Reitunterricht gehen und [&hellip;]<\/p>\n","protected":false},"author":1,"featured_media":0,"parent":0,"menu_order":0,"comment_status":"closed","ping_status":"closed","template":"page-templates\/page_fullwidth.php","meta":[],"_links":{"self":[{"href":"https:\/\/tierphysio.andreadetjen.de\/index.php?rest_route=\/wp\/v2\/pages\/107"}],"collection":[{"href":"https:\/\/tierphysio.andreadetjen.de\/index.php?rest_route=\/wp\/v2\/pages"}],"about":[{"href":"https:\/\/tierphysio.andreadetjen.de\/index.php?rest_route=\/wp\/v2\/types\/page"}],"author":[{"embeddable":true,"href":"https:\/\/tierphysio.andreadetjen.de\/index.php?rest_route=\/wp\/v2\/users\/1"}],"replies":[{"embeddable":true,"href":"https:\/\/tierphysio.andreadetjen.de\/index.php?rest_route=%2Fwp%2Fv2%2Fcomments&post=107"}],"version-history":[{"count":4,"href":"https:\/\/tierphysio.andreadetjen.de\/index.php?rest_route=\/wp\/v2\/pages\/107\/revisions"}],"predecessor-version":[{"id":241,"href":"https:\/\/tierphysio.andreadetjen.de\/index.php?rest_route=\/wp\/v2\/pages\/107\/revisions\/241"}],"wp:attachment":[{"href":"https:\/\/tierphysio.andreadetjen.de\/index.php?rest_route=%2Fwp%2Fv2%2Fmedia&parent=107"}],"curies":[{"name":"wp","href":"https:\/\/api.w.org\/{rel}","templated":true}]}}

ÜBER MICH

<div data-elementor-type="wp-post" data-elementor-id="107" class="elementor elementor-107 elementor-bc-flex-widget">
						<div class="elementor-inner">
				<div class="elementor-section-wrap">
									<section class="elementor-section elementor-top-section elementor-element elementor-element-086f510 elementor-section-boxed elementor-section-height-default elementor-section-height-default" data-id="086f510" data-element_type="section">
						<div class="elementor-container elementor-column-gap-default">
							<div class="elementor-row">
					<div class="elementor-column elementor-col-100 elementor-top-column elementor-element elementor-element-58c436d" data-id="58c436d" data-element_type="column">
			<div class="elementor-column-wrap elementor-element-populated">
							<div class="elementor-widget-wrap">
						<div class="elementor-element elementor-element-007676a elementor-widget elementor-widget-text-editor" data-id="007676a" data-element_type="widget" data-widget_type="text-editor.default">
				<div class="elementor-widget-container">
								<div class="elementor-text-editor elementor-clearfix">
				<p>Darf ich mich vorstellen?</p><p>Geboren <strong>1968</strong> in Hamburg, dort wuchs ich als sechstes Kind bei meinen Großeltern auf. Tierliebe war in unserer Familie groß geschrieben. Mein Bruder pflegte auf unseren Dachboden verletzte Tauben wieder gesund. Hunde und Katzen begleiten unsere Familie so lange ich denken kann.</p><p><strong>Mit 12</strong> Jahren durfte ich zum Reitunterricht gehen und von da an,war ich mehr im Stall zu finden, als Zuhause. <strong>Mit 16</strong> begann meine Ausbildung zur Garten -und Landschaftsgärtnerin. Einige Jahre vergingen, ich heiratete, bekam 2 Kinder und meine Familie hatte nun den meisten Platz in meinen Leben. <strong>2001</strong> lernte ich meinen zweiten Mann kennen und die Kinder und ich zogen nach Ahlerstedt, auf einen Nebenerwerbshof mit Schwerpunkt Rindermast.</p><p>Durch meine neuen Aufgaben auf unseren Hof lernte ich sehr viel über Futterherstellung, Kälberaufzucht und den Umgang mit unseren Hoftieren und Ihrer Gesundheit . <strong>2003</strong> erfüllte sich mein mein Jugendtraum, den ich gemeinsam mit meiner Tochter Carolin lebte. Wir bekamen unser erstes eigenes Pferd -unsere Starlight .Bald kam unser zweites Pferd zu uns , unser Frido . Durch die Pferde lernte ich viel über Haltung ,Pflege und was alles zu Ihrer Gesunderhaltung zu tun ist.</p><p><strong>2012</strong> fasste ich den Entschluss eine Ausbildung zur Tierphysiotherapeutin zu machen ,mit den Schwerpunkt Pferd und Hund. Während meiner Ausbildung durfte ich bei der Hundephysiotherapeutin Kerstin Oelkers aus Buchholz  hospitieren, <strong>2014</strong> machte ich mich mit eigener Fahrpraxis selbstständig. Immer wieder vertrat ich Kerstin Oelkers in Krankheitsfällen in Ihrer Praxis und konnte so meine Erfahrungen im Hundebereich ausbauen. In diversen Weiterbildungen vertiefte ich mein Wissen. Die Aromatherapie und die Öle zogen in meinen Praxis Alltag ein ,</p><p><strong>Vor 2 Jahren</strong>, begann es unserer Starlight, immer schlechter zu gehen .Sie war stolze 27 .Wir setzten uns mit Ihrem Sterben auseinander.</p><p>Ist es an der Zeit loszulassen?</p><p>Was möchte Starlight?</p><p>Ist unser Tun und Handeln noch in Ihrem Sinne?</p><p>Ich buchte einen Kurs für Tierkommunikation,ohne große Erwartungen zu haben. Dieser Kurs eröffnete sich für mich eine neuer Horizont und ein neues Bewusstsein . Tierkommunikation half uns die letzten Wochen unseres Pferdes in Ihrem Sinne zu begleiten.</p><p>Vieles änderte sich in meinen Praxis Alltag. Immer mehr verknüpfte ich meine neu erlernten Fähigkeiten mit der Physiotherapie und durch die Aromatherapie konnte ich noch mehr bewirken was die Auflösung von körperlichen und seelischen Blokaden betraf und die Erfolge die sich einstellten gaben mir Recht . <strong>2018</strong> beendete ich meine Ausbildung zur Tierheilerin im Anschluss begann ich für meine persönliche Entwicklung mein Wissen mit einer shamanischen Ausbildung zu vertiefen.</p><p>Was bringt die Zukunft ?</p><p>Meine Leidenschaft ist das ganzheitliche behandeln von unseren Tieren. Gerne möchte ich mein Wissen weitergeben.</p><p>In diesen Jahr werden Seminare und diverse Vorträge auf unseren Hof statt finden.</p><p>Ich freue mich sehr auf diese neue Aufgabe .</p><p>Eure Andrea</p>					</div>
						</div>
				</div>
						</div>
					</div>
		</div>
								</div>
					</div>
		</section>
				<section class="elementor-section elementor-top-section elementor-element elementor-element-def3a30 elementor-section-boxed elementor-section-height-default elementor-section-height-default" data-id="def3a30" data-element_type="section">
						<div class="elementor-container elementor-column-gap-default">
							<div class="elementor-row">
					<div class="elementor-column elementor-col-100 elementor-top-column elementor-element elementor-element-7c65ad4" data-id="7c65ad4" data-element_type="column">
			<div class="elementor-column-wrap elementor-element-populated">
							<div class="elementor-widget-wrap">
						<div class="elementor-element elementor-element-cc681ed elementor-widget elementor-widget-sidebar" data-id="cc681ed" data-element_type="widget" data-widget_type="sidebar.default">
				<div class="elementor-widget-container">
			<aside id="pages-3" class="widget widget_pages"><h3 class="widget-title">Seiten</h3>
			<ul>
				<li class="page_item page-item-107"><a href="https://tierphysio.andreadetjen.de/?page_id=107">ÜBER MICH</a></li>
<li class="page_item page-item-110"><a href="https://tierphysio.andreadetjen.de/?page_id=110">IMPRESSUM</a></li>
<li class="page_item page-item-113"><a href="https://tierphysio.andreadetjen.de/?page_id=113">DATENSCHUTZERKLÄRUNG</a></li>
<li class="page_item page-item-116"><a href="https://tierphysio.andreadetjen.de/?page_id=116">AGB</a></li>
<li class="page_item page-item-125"><a href="https://tierphysio.andreadetjen.de/?page_id=125">KONTAKT</a></li>
<li class="page_item page-item-185"><a href="https://tierphysio.andreadetjen.de/?page_id=185">BEWERTUNGEN</a></li>
<li class="page_item page-item-227"><a href="https://tierphysio.andreadetjen.de/">Start</a></li>
			</ul>

			</aside>		</div>
				</div>
						</div>
					</div>
		</div>
								</div>
					</div>
		</section>
									</div>
			</div>
					</div>

<p>Darf ich mich vorstellen? Geboren 1968 in Hamburg, dort wuchs ich als sechstes Kind bei meinen Großeltern auf. Tierliebe war in unserer Familie groß geschrieben. Mein Bruder pflegte auf unseren Dachboden verletzte Tauben wieder gesund. Hunde und Katzen begleiten unsere Familie so lange ich denken kann. Mit 12 Jahren durfte ich zum Reitunterricht gehen und [&hellip;]</p>
