{"id":80,"date":"2019-02-24T13:59:16","date_gmt":"2019-02-24T13:59:16","guid":{"rendered":"http:\/\/tierphysio.andreadetjen.de\/?page_id=80"},"modified":"2021-01-23T12:44:02","modified_gmt":"2021-01-23T12:44:02","slug":"hunde-katzen","status":"publish","type":"page","link":"https:\/\/tierphysio.andreadetjen.de\/?page_id=80","title":{"rendered":"HUNDE &#038; KATZEN"},"content":{"rendered":"\t\t<div data-elementor-type=\"wp-post\" data-elementor-id=\"80\" class=\"elementor elementor-80\">\n\t\t\t\t\t\t<div class=\"elementor-inner\">\n\t\t\t\t<div class=\"elementor-section-wrap\">\n\t\t\t\t\t\t\t\t\t<section class=\"elementor-section elementor-top-section elementor-element elementor-element-6aaadb6 elementor-section-boxed elementor-section-height-default elementor-section-height-default\" data-id=\"6aaadb6\" data-element_type=\"section\">\n\t\t\t\t\t\t<div class=\"elementor-container elementor-column-gap-default\">\n\t\t\t\t\t\t\t<div class=\"elementor-row\">\n\t\t\t\t\t<div class=\"elementor-column elementor-col-100 elementor-top-column elementor-element elementor-element-838859e\" data-id=\"838859e\" data-element_type=\"column\">\n\t\t\t<div class=\"elementor-column-wrap elementor-element-populated\">\n\t\t\t\t\t\t\t<div class=\"elementor-widget-wrap\">\n\t\t\t\t\t\t<div class=\"elementor-element elementor-element-2d0adb8 elementor-widget elementor-widget-heading\" data-id=\"2d0adb8\" data-element_type=\"widget\" data-widget_type=\"heading.default\">\n\t\t\t\t<div class=\"elementor-widget-container\">\n\t\t\t<h3 class=\"elementor-heading-title elementor-size-default\">Kein anderes Lebewesen steht uns so nahe wie der Hund<\/h3>\t\t<\/div>\n\t\t\t\t<\/div>\n\t\t\t\t\t\t<\/div>\n\t\t\t\t\t<\/div>\n\t\t<\/div>\n\t\t\t\t\t\t\t\t<\/div>\n\t\t\t\t\t<\/div>\n\t\t<\/section>\n\t\t\t\t<section class=\"elementor-section elementor-top-section elementor-element elementor-element-6490d98 elementor-section-boxed elementor-section-height-default elementor-section-height-default\" data-id=\"6490d98\" data-element_type=\"section\">\n\t\t\t\t\t\t<div class=\"elementor-container elementor-column-gap-default\">\n\t\t\t\t\t\t\t<div class=\"elementor-row\">\n\t\t\t\t\t<div class=\"elementor-column elementor-col-100 elementor-top-column elementor-element elementor-element-bdd59e0\" data-id=\"bdd59e0\" data-element_type=\"column\">\n\t\t\t<div class=\"elementor-column-wrap elementor-element-populated\">\n\t\t\t\t\t\t\t<div class=\"elementor-widget-wrap\">\n\t\t\t\t\t\t<div class=\"elementor-element elementor-element-3b118fc elementor-widget-divider--view-line elementor-widget elementor-widget-divider\" data-id=\"3b118fc\" data-element_type=\"widget\" data-widget_type=\"divider.default\">\n\t\t\t\t<div class=\"elementor-widget-container\">\n\t\t\t\t\t<div class=\"elementor-divider\">\n\t\t\t<span class=\"elementor-divider-separator\">\n\t\t\t\t\t\t<\/span>\n\t\t<\/div>\n\t\t\t\t<\/div>\n\t\t\t\t<\/div>\n\t\t\t\t\t\t<\/div>\n\t\t\t\t\t<\/div>\n\t\t<\/div>\n\t\t\t\t\t\t\t\t<\/div>\n\t\t\t\t\t<\/div>\n\t\t<\/section>\n\t\t\t\t<section class=\"elementor-section elementor-top-section elementor-element elementor-element-39e27fd elementor-section-boxed elementor-section-height-default elementor-section-height-default\" data-id=\"39e27fd\" data-element_type=\"section\">\n\t\t\t\t\t\t<div class=\"elementor-container elementor-column-gap-default\">\n\t\t\t\t\t\t\t<div class=\"elementor-row\">\n\t\t\t\t\t<div class=\"elementor-column elementor-col-100 elementor-top-column elementor-element elementor-element-f009b64\" data-id=\"f009b64\" data-element_type=\"column\">\n\t\t\t<div class=\"elementor-column-wrap elementor-element-populated\">\n\t\t\t\t\t\t\t<div class=\"elementor-widget-wrap\">\n\t\t\t\t\t\t<div class=\"elementor-element elementor-element-9df9f4a elementor-widget elementor-widget-text-editor\" data-id=\"9df9f4a\" data-element_type=\"widget\" data-widget_type=\"text-editor.default\">\n\t\t\t\t<div class=\"elementor-widget-container\">\n\t\t\t\t\t\t\t\t<div class=\"elementor-text-editor elementor-clearfix\">\n\t\t\t\t<p><span style=\"font-size: large;\">Kein anderes Lebewesen steht uns Menschen so nahe wie der Hund. <br \/>Er <\/span><span style=\"font-size: large;\">hat einen<\/span>\u00a0<span style=\"font-size: large;\">positiven Einfluss auf die menschliche Psyche, ist <\/span><span style=\"font-size: large;\">Seelentr\u00f6ster und Freund und begleitet uns durch den Alltag.<\/span><\/p><p><span style=\"font-size: large;\">So k\u00f6nnte man vermuten, dass wir sofort die Leiden unserer Hunde erkennen. Wie wir Menschen haben auch unsere Hunde eine individuelle Wahrnehmung <\/span><span style=\"font-size: large;\">und eine unterschiedliche Toleranz von Schmerz und zeigen diesen auf unterschiedliche Art und Weise. Hunde k\u00f6nnen sich jedoch nicht so deutlich mitteilen und leiden h\u00e4ufig still und unbemerkt.Chronische Schmerzen zu erkennen ist oft noch schwieriger, da die Verhaltens\u00e4nderungen schleichend verlaufen.<\/span><\/p><p><span style=\"font-size: large;\">F\u00fcr mich steht an erster Stelle, die Vorsorge, eine Schmerzlinderung und wenn m\u00f6glich eine Schmerzfreiheit f\u00fcr meinen Patienten zu erreichen. Die Zusammenarbeit mit Ihnen als Hundehalter ist sehr bedeutsam f\u00fcr den Erfolg.Nur gemeinsam schaffen wir es Wohlbefinden und Lebensfreude f\u00fcr Ihren Hund wieder herzustellen und zu erhalten.<\/span><\/p><p>\u200b<span style=\"font-size: large;\">Ich begleite Sie und Ihren Vierbeiner individuell auf dem Weg zum Behandlungserfolg und freue mich, wenn ich zur Verbesserung seiner Gesundheit beitragen kann. Dazu setze ich neben meinen geschulten H\u00e4nden auch moderne Technologien ein, wie zum Beispiel die Elektrotherapie, Magnetfeldtherapie und die Aromatherapie die ich unterst\u00fctzend anwende. So findet Ihr Hund durch die Physiotherapie zu einer guten Lebensqualit\u00e4t zur\u00fcck.<\/span><\/p><p align=\"JUSTIFY\"><span style=\"font-size: large;\">Gerne behandle ich auch Ihre Katze. Katzen sind \u00e4u\u00dferst Eigensinnig und lassen in der Physiotherapie nicht immer alles zu zu Beginn der Behandlung.Mit Einf\u00fchlungsverm\u00f6gen und Zeit und mit individuellen Therapien ist auch dieses m\u00f6glich,gerne helfe ich Ihnen und Ihrer Katze und berate sie gerne.<\/span><\/p><p align=\"JUSTIFY\">\u00a0<\/p><p align=\"JUSTIFY\"><span style=\"font-size: large;\">Bei Fragen stehe ich Ihnen gern zur Verf\u00fcgung und freue mich, Sie und Ihren Vierbeiner pers\u00f6nlich kennen zulernen.<\/span><\/p><p><span style=\"font-size: large;\">Eure Andrea Detjen<\/span><\/p>\t\t\t\t\t<\/div>\n\t\t\t\t\t\t<\/div>\n\t\t\t\t<\/div>\n\t\t\t\t\t\t<\/div>\n\t\t\t\t\t<\/div>\n\t\t<\/div>\n\t\t\t\t\t\t\t\t<\/div>\n\t\t\t\t\t<\/div>\n\t\t<\/section>\n\t\t\t\t<section class=\"elementor-section elementor-top-section elementor-element elementor-element-8068b32 elementor-section-boxed elementor-section-height-default elementor-section-height-default\" data-id=\"8068b32\" data-element_type=\"section\">\n\t\t\t\t\t\t<div class=\"elementor-container elementor-column-gap-default\">\n\t\t\t\t\t\t\t<div class=\"elementor-row\">\n\t\t\t\t\t<div class=\"elementor-column elementor-col-100 elementor-top-column elementor-element elementor-element-807e0f1\" data-id=\"807e0f1\" data-element_type=\"column\">\n\t\t\t<div class=\"elementor-column-wrap elementor-element-populated\">\n\t\t\t\t\t\t\t<div class=\"elementor-widget-wrap\">\n\t\t\t\t\t\t<div class=\"elementor-element elementor-element-4bfacc9 elementor-widget-divider--view-line elementor-widget elementor-widget-divider\" data-id=\"4bfacc9\" data-element_type=\"widget\" data-widget_type=\"divider.default\">\n\t\t\t\t<div class=\"elementor-widget-container\">\n\t\t\t\t\t<div class=\"elementor-divider\">\n\t\t\t<span class=\"elementor-divider-separator\">\n\t\t\t\t\t\t<\/span>\n\t\t<\/div>\n\t\t\t\t<\/div>\n\t\t\t\t<\/div>\n\t\t\t\t<div class=\"elementor-element elementor-element-5a08888 elementor-arrows-position-inside elementor-pagination-position-outside elementor-widget elementor-widget-image-carousel\" data-id=\"5a08888\" data-element_type=\"widget\" data-settings=\"{&quot;navigation&quot;:&quot;both&quot;,&quot;autoplay&quot;:&quot;yes&quot;,&quot;pause_on_hover&quot;:&quot;yes&quot;,&quot;pause_on_interaction&quot;:&quot;yes&quot;,&quot;autoplay_speed&quot;:5000,&quot;infinite&quot;:&quot;yes&quot;,&quot;speed&quot;:500}\" data-widget_type=\"image-carousel.default\">\n\t\t\t\t<div class=\"elementor-widget-container\">\n\t\t\t\t\t<div class=\"elementor-image-carousel-wrapper swiper-container\" dir=\"ltr\">\n\t\t\t<div class=\"elementor-image-carousel swiper-wrapper\">\n\t\t\t\t\t\t\t\t<div class=\"swiper-slide\"><figure class=\"swiper-slide-inner\"><img decoding=\"async\" class=\"swiper-slide-image\" src=\"https:\/\/tierphysio.andreadetjen.de\/wp-content\/uploads\/2021\/01\/087_Andrea-und-Bela_-550x400.jpg\" alt=\"087_Andrea und Bela_\" \/><\/figure><\/div><div class=\"swiper-slide\"><figure class=\"swiper-slide-inner\"><img decoding=\"async\" class=\"swiper-slide-image\" src=\"https:\/\/tierphysio.andreadetjen.de\/wp-content\/uploads\/2021\/01\/122_Andrea-und-Bela_-3-550x400.jpg\" alt=\"122_Andrea und Bela_ (3)\" \/><\/figure><\/div><div class=\"swiper-slide\"><figure class=\"swiper-slide-inner\"><img decoding=\"async\" class=\"swiper-slide-image\" src=\"https:\/\/tierphysio.andreadetjen.de\/wp-content\/uploads\/2021\/01\/054_Andrea-und-Bela_-3-550x400.jpg\" alt=\"054_Andrea und Bela_ (3)\" \/><\/figure><\/div><div class=\"swiper-slide\"><figure class=\"swiper-slide-inner\"><img decoding=\"async\" class=\"swiper-slide-image\" src=\"https:\/\/tierphysio.andreadetjen.de\/wp-content\/uploads\/2021\/01\/009_Andrea-und-Bela_-550x400.jpg\" alt=\"009_Andrea und Bela_\" \/><\/figure><\/div><div class=\"swiper-slide\"><figure class=\"swiper-slide-inner\"><img decoding=\"async\" class=\"swiper-slide-image\" src=\"https:\/\/tierphysio.andreadetjen.de\/wp-content\/uploads\/2021\/01\/110_Andrea-und-Bela_-550x400.jpg\" alt=\"110_Andrea und Bela_\" \/><\/figure><\/div>\t\t\t<\/div>\n\t\t\t\t\t\t\t\t\t\t\t\t<div class=\"swiper-pagination\"><\/div>\n\t\t\t\t\t\t\t\t\t\t\t\t\t<div class=\"elementor-swiper-button elementor-swiper-button-prev\">\n\t\t\t\t\t\t<i aria-hidden=\"true\" class=\"eicon-chevron-left\"><\/i>\t\t\t\t\t\t<span class=\"elementor-screen-only\">Zur\u00fcck<\/span>\n\t\t\t\t\t<\/div>\n\t\t\t\t\t<div class=\"elementor-swiper-button elementor-swiper-button-next\">\n\t\t\t\t\t\t<i aria-hidden=\"true\" class=\"eicon-chevron-right\"><\/i>\t\t\t\t\t\t<span class=\"elementor-screen-only\">Weiter<\/span>\n\t\t\t\t\t<\/div>\n\t\t\t\t\t\t\t\t\t<\/div>\n\t\t\t\t<\/div>\n\t\t\t\t<\/div>\n\t\t\t\t\t\t<\/div>\n\t\t\t\t\t<\/div>\n\t\t<\/div>\n\t\t\t\t\t\t\t\t<\/div>\n\t\t\t\t\t<\/div>\n\t\t<\/section>\n\t\t\t\t<section class=\"elementor-section elementor-top-section elementor-element elementor-element-d5f1c98 elementor-section-boxed elementor-section-height-default elementor-section-height-default\" data-id=\"d5f1c98\" data-element_type=\"section\">\n\t\t\t\t\t\t<div class=\"elementor-container elementor-column-gap-default\">\n\t\t\t\t\t\t\t<div class=\"elementor-row\">\n\t\t\t\t\t<div class=\"elementor-column elementor-col-100 elementor-top-column elementor-element elementor-element-d6e6645\" data-id=\"d6e6645\" data-element_type=\"column\">\n\t\t\t<div class=\"elementor-column-wrap elementor-element-populated\">\n\t\t\t\t\t\t\t<div class=\"elementor-widget-wrap\">\n\t\t\t\t\t\t<div class=\"elementor-element elementor-element-338eba6 elementor-widget-divider--view-line elementor-widget elementor-widget-divider\" data-id=\"338eba6\" data-element_type=\"widget\" data-widget_type=\"divider.default\">\n\t\t\t\t<div class=\"elementor-widget-container\">\n\t\t\t\t\t<div class=\"elementor-divider\">\n\t\t\t<span class=\"elementor-divider-separator\">\n\t\t\t\t\t\t<\/span>\n\t\t<\/div>\n\t\t\t\t<\/div>\n\t\t\t\t<\/div>\n\t\t\t\t\t\t<\/div>\n\t\t\t\t\t<\/div>\n\t\t<\/div>\n\t\t\t\t\t\t\t\t<\/div>\n\t\t\t\t\t<\/div>\n\t\t<\/section>\n\t\t\t\t\t\t\t\t\t<\/div>\n\t\t\t<\/div>\n\t\t\t\t\t<\/div>\n\t\t","protected":false},"excerpt":{"rendered":"<p>Kein anderes Lebewesen steht uns so nahe wie der Hund Kein anderes Lebewesen steht uns Menschen so nahe wie der Hund. Er hat einen\u00a0positiven Einfluss auf die menschliche Psyche, ist Seelentr\u00f6ster und Freund und begleitet uns durch den Alltag. So k\u00f6nnte man vermuten, dass wir sofort die Leiden unserer Hunde erkennen. Wie wir Menschen haben [&hellip;]<\/p>\n","protected":false},"author":1,"featured_media":0,"parent":0,"menu_order":0,"comment_status":"closed","ping_status":"closed","template":"page-templates\/page_fullwidth.php","meta":[],"_links":{"self":[{"href":"https:\/\/tierphysio.andreadetjen.de\/index.php?rest_route=\/wp\/v2\/pages\/80"}],"collection":[{"href":"https:\/\/tierphysio.andreadetjen.de\/index.php?rest_route=\/wp\/v2\/pages"}],"about":[{"href":"https:\/\/tierphysio.andreadetjen.de\/index.php?rest_route=\/wp\/v2\/types\/page"}],"author":[{"embeddable":true,"href":"https:\/\/tierphysio.andreadetjen.de\/index.php?rest_route=\/wp\/v2\/users\/1"}],"replies":[{"embeddable":true,"href":"https:\/\/tierphysio.andreadetjen.de\/index.php?rest_route=%2Fwp%2Fv2%2Fcomments&post=80"}],"version-history":[{"count":9,"href":"https:\/\/tierphysio.andreadetjen.de\/index.php?rest_route=\/wp\/v2\/pages\/80\/revisions"}],"predecessor-version":[{"id":425,"href":"https:\/\/tierphysio.andreadetjen.de\/index.php?rest_route=\/wp\/v2\/pages\/80\/revisions\/425"}],"wp:attachment":[{"href":"https:\/\/tierphysio.andreadetjen.de\/index.php?rest_route=%2Fwp%2Fv2%2Fmedia&parent=80"}],"curies":[{"name":"wp","href":"https:\/\/api.w.org\/{rel}","templated":true}]}}